hat is 21412 - -463?
22205
In base 16, what is -4 + 6b1d?
6b19
In base 14, what is 12753 - -17c?
128d1
In base 3, what is -12101211 + -100200020?
-120002001
In base 9, what is 3133 - 55846?
-52713
In base 5, what is 112101244 + -4324?
112041420
In base 5, what is -11044010 + -121012?
-11220022
In base 3, what is -10 - 110211020111110?
-110211020111120
In base 15, what is 5c2645 - 3?
5c2642
In base 11, what is 65165096 + -6?
65165090
In base 12, what is -3 + 5a44b297?
5a44b294
In base 11, what is -236aa09 + -2?
-236aa10
In base 16, what is 26c6 - 427?
229f
In base 12, what is -1 - -866a0b5?
866a0b4
In base 5, what is 122213224 + -10?
122213214
In base 13, what is -19c6 + -5614?
-730a
In base 12, what is 2 - -472b8603?
472b8605
In base 3, what is -1112200010 - -1011220?
-1111111020
In base 8, what is -67 - -601571?
601502
In base 2, what is 11011100010 + -1010011100?
10001000110
In base 14, what is 691a29 - -3?
691a2c
In base 8, what is -130637541 + -3?
-130637544
In base 13, what is -1 + 18b579?
18b578
In base 8, what is -473503 + -2732?
-476435
In base 14, what is -25 + -70b07?
-70b2c
In base 5, what is -3301202122 + 12?
-3301202110
In base 2, what is -110001111011000 - 110?
-110001111011110
In base 15, what is -acebd + 823?
-ac69a
In base 10, what is -920338 - -17?
-920321
In base 14, what is 1a4814 - -c?
1a4822
In base 11, what is 20136 + -1234?
19a02
In base 7, what is -322 - -113000?
112345
In base 15, what is -1365 + 34b81?
3381b
In base 9, what is -445448176 + -4?
-445448181
In base 13, what is a713c3 - 0?
a713c3
In base 16, what is 2623 - -2f16?
5539
In base 9, what is -4235 - -37720?
33474
In base 14, what is 3a076 + 1c?
3a094
In base 2, what is 101000101101011101001 + 1000?
101000101101011110001
In base 4, what is -22 + -1023103223101?
-1023103223123
In base 3, what is 100020101210 - 202?
100020101001
In base 9, what is 15468 + 815?
16384
In base 16, what is 5754 - 1c62?
3af2
In base 7, what is 1166505 + -154?
1166321
In base 11, what is 0 + 86435a0?
86435a0
In base 12, what is 413ab + 1633?
42a22
In base 9, what is -1174136 - 36?
-1174173
In base 5, what is -11313 + -21443400?
-22010213
In base 4, what is 23 - 312322130001?
-312322123312
In base 7, what is 420 + -141226?
-140506
In base 6, what is -20314 + 15103?
-1211
In base 4, what is 30312 + -221232210?
-221201232
In base 8, what is 1 + -40506004?
-40506003
In base 13, what is -aa - -36381?
362a4
In base 2, what is -11 + 1001011110001111111110?
1001011110001111111011
In base 13, what is 104c829 + 2?
104c82b
In base 4, what is 310221203323 + -2?
310221203321
In base 6, what is -350 + 212013235?
212012445
In base 14, what is 2 - -dac4da9?
dac4dab
In base 9, what is -46 + 824653?
824606
In base 5, what is -331034 - 403314?
-1234403
In base 5, what is -20403413 - -4413?
-20344000
In base 8, what is 121 - 1755261?
-1755140
In base 4, what is -1113332 - 233011213?
-300131211
In base 3, what is -2 - -1012002210?
1012002201
In base 13, what is 434c73 + ab?
435051
In base 4, what is 1 + -33311031210?
-33311031203
In base 8, what is -5213337 + -17?
-5213356
In base 12, what is -16 - -11830b85?
11830b6b
In base 9, what is 487061528 - 0?
487061528
In base 2, what is -1110110010010000010101 + -1?
-1110110010010000010110
In base 10, what is -5 - -11744117?
11744112
In base 11, what is 1125a + 5096?
16345
In base 10, what is -184634637 + 3?
-184634634
In base 10, what is 96 - -26645?
26741
In base 14, what is -41a6436 + -3?
-41a6439
In base 5, what is 121204 - -34222?
210431
In base 7, what is -2452300 + -124?
-2452424
In base 14, what is 4d1 - -20d77?
21468
In base 10, what is -3320 - -315?
-3005
In base 4, what is -11302300 - 112111?
-12021011
In base 15, what is 3ad9 + -192e?
21aa
In base 4, what is 1013 + -121333133?
-121332120
In base 15, what is 26d28 + -5d1?
26747
In base 6, what is 5 + -52245012?
-52245003
In base 13, what is 2011 - -17?
2028
In base 4, what is -12120010 + -110223?
-12230233
In base 2, what is 1100 + -1110001110010100000111?
-1110001110010011111011
In base 6, what is -22400545100 - 1?
-22400545101
In base 6, what is 5142 - -344411?
353553
In base 4, what is 1323112232310 - -11?
1323112232321
In base 15, what is b6 - -1db0?
1e76
In base 11, what is -82a4a + -21?
-82a70
In base 3, what is 11 + 11201112011011?
11201112011022
In base 6, what is 10 - -15350?
15400
In base 5, what is 0 + -22343441424?
-22343441424
In base 3, what is 1222001212 + 120201?
1222122120
In base 8, what is 64 + 110157?
110243
In base 5, what is 1 - -232111434320?
232111434321
In base 11, what is 586974 - -4?
586978
In base 15, what is -299 + -351a?
-37b4
In base 7, what is 53355 + -603?
52452
In base 7, what is -21060 + -503043?
-524133
In base 5, what is 13332443 - 210?
13332233
In base 10, what is 3063 - -4834?
7897
In base 5, what is 103241410 + -240?
103241120
In base 6, what is -302455303 + -5?
-302455312
In base 3, what is 1 - 11002222222012?
-11002222222011
In base 9, what is -7 + -73051?
-73058
In base 7, what is -615134 - 25623?
-644060
In base 11, what is 283a9269 + -10?
283a9259
In base 5, what is 32231 - 103331413?
-103244132
In base 10, what is -9 + 1053633?
1053624
In base 4, what is 232012101033 + -2?
232012101031
In base 2, what is -1110011101 - 101101001010000?
-101110111101101
In base 6, what is -43 - -1522552035?
1522551552
In base 13, what is -1b46c46 - -3?
-1b46c43
In base 10, what is -117 - 42788?
-42905
In base 7, what is 22 + 4333424?
4333446
In base 2, what is 100101011001100000010111 - 1111?
100101011001100000001000
In base 11, what is -90 - 5660a3?
-566183
In base 11, what is 0 - -1943a0a?
1943a0a
In base 4, what is 222020003 + 1232?
222021301
In base 8, what is -106 - -1042364?
1042256
In base 6, what is 1151013 + 532?
1151545
In base 15, what is -15e637 + 16?
-15e621
In base 4, what is -23 + -232011022232?
-232011022321
In base 5, what is -312431 + -340443?
-1203424
In base 6, what is 11411 + 12005345?
12021200
In base 3, what is 111 - 202202201002211?
-202202201002100
In base 11, what is -2189 + -7714?
-98a2
In base 14, what is 0 - 14dca4a?
-14dca4a
In base 3, what is 0 - -102221102201012?
102221102201012
In base 9, what is -221 + 2884248?
2884027
In base 11, what is -7598aa8 - 1?
-7598aa9
In base 7, what is 3 + -620432605?
-620432602
In base 10, what is -52734 - 168?
-52902
In base 2, what is -11101101110111 - -1110001001?
-11011111101110
In base 5, what is 14122324 + 3031?
14130410
In base 2, what is 101111111100111 - -10100111011?
110010100100010
In base 8, what is -167363336 - -2?
-167363334
In base 5, what is -103221120 + -2332?
-103224002
In base 15, what is -64b6 + -9c6?
-6e8c
In base 8, what is -2670504 + -425?
-2671131
In base 2, what is 1001110001110101110100000101 + -110?
1001110001110101110011111111
In base 11, what is -8 - -46849137?
4684912a
In base 10, what is 51741064 - 0?
51741064
In base 3, what is -2011200000 + -110021?
-2012010021
In base 6, what is 211100031 + 10?
211100041
In base 8, what is -3476237 + 10?
-3476227
In base 14, what is -4125d3 + a?
-4125c7
In base 5, what is 32 + -40324323?
-40324241
In base 4, what is 23 - -2322122010?
2322122033
In base 8, what is -5 + 5661716?
5661711
In base 3, what is -21020210112 - 1001002?
-21021211121
In base 4, what is 321 - 3023113111?
-3023112130
In base 13, what is 2634c - -5?
26354
In base 16, what is 55cd7 - -276?
55f4d
In base 10, what is -4 + -78594?
-78598
In base 3, what is 101200 + -120121011212?
-120120210012
In base 15, what is 61a - cd?
53c
In base 9, what is 5 - 6443113?
-6443107
In base 5, what is -204 - -12410304?
12410100
In base 4, what is 10 - 21101033303?
-21101033233
In base 7, what is -3543611 - 2561?
-3546502
In base 4, what is -3303211 + -3331100?
-13300311
In base 3, what is -22220 + -111111012101?
-111111112021
In base 8, what is -776 - -273631?
272633
In base 12, what is -2121 + -3bb6?
-6117
In base 7, what is -21065 + -4063?
-25161
In base 9, what is 113324 - 75?
113238
In base 2, what is 1111011101010 + 1111011?
1111101100101
In base 7, what is 2 + -1200131304?
-1200131302
In base 14, what is 2 + -1828dc?
-1828da
In base 8, what is 10562772 + 16?
10563010
In base 15, what is 1d92 - 143d9?
-12547
In base 16, what is 1 - -5a864a6?
5a864a7
In base 3, what is -22002011100210202